 22293520?
False
Is 578 a factor of 166034?
False
Does 5 divide 14075?
True
Is 3192582 a multiple of 219?
True
Is 2226888 a multiple of 591?
True
Is 25 a factor of 3722654?
False
Is 13 a factor of 8322360?
False
Is 25 a factor of 174275?
True
Is 2 a factor of 64697?
False
Is 100 a factor of 874381?
False
Is 8583498 a multiple of 14?
True
Does 23 divide 2170280?
True
Is 31358 even?
True
Does 26 divide 5031780?
True
Does 53 divide 123049?
False
Is 9 a factor of 3907410?
False
Is 46619 a multiple of 5?
False
Is 208 a factor of 222560?
True
Is 8676096 a multiple of 286?
True
Does 68 divide 581400?
True
Does 7 divide 75299?
True
Is 29 a factor of 6892480?
False
Does 52 divide 760282?
False
Is 22 a factor of 3223020?
False
Is 336 a factor of 11568220?
False
Is 34 a factor of 588986?
False
Is 108568 a multiple of 41?
True
Does 175 divide 64524?
False
Is 105 a factor of 40845?
True
Is 22 a factor of 2608870?
True
Does 70 divide 2158940?
True
Does 347 divide 27413?
True
Is 4938785 a multiple of 83?
False
Is 705405 a multiple of 205?
True
Does 121 divide 742456?
True
Is 219 a factor of 1004853?
False
Does 91 divide 7383922?
True
Does 21 divide 74523?
False
Does 397 divide 3021567?
True
Is 353263 a multiple of 425?
False
Is 4 a factor of 16270?
False
Does 165 divide 21011798?
False
Is 37 a factor of 393261?
False
Is 467880 a multiple of 15?
True
Does 205 divide 1635285?
True
Is 56980 a multiple of 4?
True
Is 22 a factor of 2308328?
True
Does 14 divide 11830?
True
Is 8 a factor of 414145?
False
Is 2661628 a multiple of 347?
False
Does 1608 divide 1514736?
True
Is 7 a factor of 16367?
False
Does 111 divide 1558662?
True
Is 39 a factor of 3092404?
False
Is 125392 a multiple of 156?
False
Is 206646 a multiple of 11?
True
Is 109824 a multiple of 33?
True
Does 66 divide 2980258?
False
Is 524 a factor of 124472?
False
Does 88 divide 480832?
True
Does 206 divide 201115?
False
Does 33 divide 1034088?
True
Is 4015948 a multiple of 31?
False
Is 4066400 a multiple of 85?
True
Does 26 divide 127263?
False
Does 102 divide 469608?
True
Is 69 a factor of 958857?
False
Is 2 a factor of 23807?
False
Is 22 a factor of 4610144?
True
Does 15 divide 215092?
False
Does 17 divide 766683?
True
Is 513019 a multiple of 31?
True
Does 59 divide 42835?
False
Is 54684 a multiple of 294?
True
Is 7 a factor of 130505?
False
Is 4497696 a multiple of 72?
True
Is 44 a factor of 20353?
False
Is 12798517 a multiple of 11?
False
Is 392 a factor of 237009?
False
Is 71785 a multiple of 5?
True
Is 347 a factor of 9491491?
True
Does 459 divide 2573154?
True
Is 227994 a multiple of 6?
True
Does 2 divide 255342?
True
Is 9892700 a multiple of 50?
True
Does 15 divide 1012935?
True
Is 63 a factor of 3050690?
False
Is 201840 a multiple of 8?
True
Does 5 divide 416210?
True
Does 25 divide 133250?
True
Does 202 divide 2253916?
True
Is 3011438 a multiple of 8?
False
Does 6 divide 147002?
False
Does 8 divide 129511?
False
Is 4630681 a multiple of 698?
False
Is 12450813 a multiple of 314?
False
Does 271 divide 4499741?
False
Does 218 divide 2237988?
True
Does 254 divide 5896102?
True
Is 20 a factor of 8532663?
False
Does 18 divide 3037878?
True
Does 24 divide 329112?
True
Does 536 divide 2427544?
True
Is 1021788 a multiple of 175?
False
Does 36 divide 206640?
True
Is 9 a factor of 120852?
True
Is 12 a factor of 3856213?
False
Is 235035 a multiple of 1019?
False
Is 502117 a multiple of 2?
False
Is 26367 a multiple of 33?
True
Is 3 a factor of 19223?
False
Does 20 divide 605280?
True
Does 42 divide 6487278?
True
Is 5740 a multiple of 82?
True
Is 12 a factor of 3343889?
False
Is 11781868 a multiple of 28?
True
Does 11 divide 114362?
False
Is 394 a factor of 1170073?
False
Does 39 divide 14753739?
True
Does 12 divide 170160?
True
Does 46 divide 2386447?
False
Is 650442 a multiple of 4?
False
Does 9 divide 5632116?
False
Is 100943 a multiple of 13?
False
Is 227733 a multiple of 201?
True
Is 51 a factor of 8697?
False
Is 189970 a multiple of 13?
False
Is 1254240 a multiple of 67?
True
Is 13 a factor of 182481?
True
Is 54 a factor of 13578572?
False
Is 2149000 a multiple of 14?
True
Is 23 a factor of 866985?
True
Is 2 a factor of 1455490?
True
Does 24 divide 555504?
True
Does 51 divide 301507?
False
Is 5181792 a multiple of 66?
True
Is 137 a factor of 554148?
False
Is 23 a factor of 136616?
False
Is 637384 a multiple of 179?
False
Is 314091 a multiple of 19?
False
Is 927264 a multiple of 39?
True
Does 119 divide 8308342?
True
Does 12 divide 651636?
True
Is 54636 a multiple of 116?
True
Is 26 a factor of 1094834?
True
Does 17 divide 2612832?
True
Does 352 divide 543313?
False
Is 4 a factor of 2278?
False
Does 263 divide 80968?
False
Is 388 a factor of 106816?
False
Is 573375 a multiple of 275?
True
Is 20 a factor of 3297220?
True
Does 277 divide 73128?
True
Is 35 a factor of 885705?
False
Is 27 a factor of 1012852?
False
Is 6257165 a multiple of 57?
False
Is 121788 a multiple of 18?
True
Does 53 divide 369993?
True
Is 2253150 a multiple of 24?
False
Is 162 a factor of 131706?
True
Is 29 a factor of 249046?
False
Is 13 a factor of 300846?
True
Does 107 divide 339725?
True
Does 12 divide 219756?
True
Is 2204080 a multiple of 16?
True
Is 1978292 a multiple of 178?
True
Is 21546 a multiple of 42?
True
Is 91 a factor of 3344796?
True
Is 88 a factor of 5707603?
False
Is 374050 a multiple of 25?
True
Does 59 divide 784330?
False
Is 36 a factor of 2986956?
True
Does 60 divide 151740?
True
Is 30 a factor of 461740?
False
Is 46 a factor of 560556?
True
Does 359 divide 1241781?
True
Does 7 divide 117567?
False
Is 140 a factor of 3470286?
False
Is 11580 a multiple of 5?
True
Does 46 divide 6447406?
True
Is 887696 a multiple of 16?
True
Does 155 divide 740398?
False
Does 17 divide 483858?
False
Does 103 divide 17716241?
False
Is 10 a factor of 888270?
True
Is 169 a factor of 1080279?
False
Is 21 a factor of 3513359?
False
Is 92 a factor of 16928?
True
Does 281 divide 516197?
True
Is 2629150 a multiple of 12?
False
Is 1255116 a multiple of 757?
False
Is 2 a factor of 147239?
False
Is 178257 a multiple of 328?
False
Does 52 divide 704860?
True
Does 272 divide 437920?
True
Is 131 a factor of 313923?
False
Is 313 a factor of 336294?
False
Is 128 a factor of 192256?
True
Is 78 a factor of 714993?
False
Is 108 a factor of 465804?
True
Is 440592 a multiple of 16?
True
Does 1402 divide 5417336?
False
Is 8 a factor of 179520?
True
Does 108 divide 20683?
False
Does 189 divide 1977422?
False
Is 62985 a multiple of 19?
True
Is 61 a factor of 28975?
True
Does 12 divide 160466?
False
Does 517 divide 13662759?
True
Is 12 a factor of 287976?
True
Is 5052 a multiple of 10?
False
Is 66809 a multiple of 83?
False
Is 63 a factor of 2644787?
False
Is 8 a factor of 78011?
False
Is 2190257 a multiple of 269?
False
Is 18340 a multiple of 20?
True
Is 493784 a multiple of 355?
False
Does 164 divide 96748?
False
Is 213 a factor of 2259835?
False
Is 1748076 a multiple of 33?
True
Is 490245 a multiple of 245?
True
Is 66960 a multiple of 45?
True
Does 40 divide 964600?
True
Is 218 a factor of 1098914?
False
Is 48090 a multiple of 42?
True
Is 37 a factor of 529160?
False
Does 672 divide 2986368?
True
Does 59 divide 315565?
False
Is 3523494 a multiple of 34?
False
Is 57451 a multiple of 2?
False
Is 199 a factor of 2264346?
False
Is 6812 a multiple of 2?
True
Is 154979 a multiple of 193?
True
Does 42 divide 250695?
False
Is 10712590 a multiple of 602?
True
Is 1351836 a multiple of 54?
True
Is 60 a factor of 4895640?
True
Is 15135702 a multiple of 588?
False
Is 138844 a multiple of 263?
False
Is 160283 a multiple of 13?
False
Is 20 a factor of 1157236?
False
Is 12679380 a multiple of 435?
True
Is 794375 a multiple of 37?
False
Is 3041270 a multiple of 23?
False
Is 174 a factor of 295530?
False
Is 1517813 a multiple of 3?
False
Is 165 a factor of 1225455?
True
Is 15708511 a multiple of 981?
False
Is 7 a factor of 181439?
False
Does 292 divide 2550699?
False
Is 9280800 a multiple of 1800?
True
Does 534 divide 1186548?
True
Is 86 a factor of 168724?
False
Does 107 divide 9621668?
False
Is 224914 a multiple of 62?
False
Does 615 divide 2426790?
True
Is 203445 a multiple of 10?
False
Is 10 a factor of 177532?
False
Is 2728110 a multiple of 10?
True
Does 217 div